ommon factor of z and 153?
17
Let a(r) = -3*r**2 - 27*r - 42. Let v be a(-10). Let l = 164 + v. What is the greatest common factor of l and 46?
46
Let y(n) = 832*n**3 - 9*n**2 + 9*n + 4. Let g be y(1). What is the greatest common factor of g and 95?
19
Suppose 2*d + 734*u = 732*u + 430, u = -3*d + 647. What is the greatest common divisor of d and 54?
54
Let h be 12 + -11 + (2 - -14). Suppose 3*j - 19*k - 79 = -h*k, 5*k = -j + 49. What is the highest common factor of 725 and j?
29
Suppose 44*l = 36*l + 24. Suppose c = -0*c - 5, l*p - c = 137. Calculate the highest common divisor of 11 and p.
11
Let b be (25/(-10))/(113570/(-56780) + 2). Calculate the greatest common divisor of 85 and b.
85
Suppose -7*n + 105 = -2*n. Suppose -n = 3*v - 237. Let d = -169 - -181. What is the greatest common factor of v and d?
12
Let c(f) = f**2 + f. Let j be c(6). Let b(d) = 10*d + 100. Let m be b(-10). Suppose -25*q + 100 + 50 = m. What is the greatest common divisor of j and q?
6
Let d be (-1 - (3 + 0))/((-20)/(-130)). Let o be (48 + d)/((-1)/(-2)). Calculate the highest common divisor of 88 and o.
44
Let w(u) = 115*u**2 + 323*u - 9. Let y be w(-4). What is the greatest common divisor of 22 and y?
11
Suppose -l - 46 + 31 = -16*l. Let w(n) = -n. Let r be 14*((-15)/6 + 2). Let d be w(r). Calculate the highest common divisor of d and l.
1
Let d be (7 - 5)*7*2/4 + 315. What is the greatest common divisor of d and 238?
14
Let h(w) = w**2 + 9*w + 17. Suppose -2*r - 8 = 2*u + 2, -r - 15 = -4*u. Let n be h(r). Let j be (2 + 1)*(-2 + 3). What is the highest common factor of n and j?
3
Let g be (5/(-7))/((15/(-21))/5). Suppose g*k = -d + 3, 3*k + 2*k - d - 7 = 0. What is the highest common factor of k and 47?
1
Suppose -14*a = a - 525. Let i be ((-9)/((-126)/(-20)))/((-5)/a). Calculate the highest common factor of 590 and i.
10
Suppose 21*g - 82659 = -25329. What is the highest common factor of g and 325?
65
Let f = 19 + -17. Let h(v) = -v**3 - 10*v**2 - v - 13. Let g be h(-10). Let w be 4 - (-1 + 2/(2/g)). Calculate the highest common divisor of w and f.
2
Suppose -828 = -3*m + 2*l, -8*m - l = -10*m + 554. Calculate the highest common divisor of 196 and m.
28
Suppose -30*z = -4*l + 4816, 16*z - 3776 = -3*l + 18*z. Calculate the greatest common factor of l and 16.
16
Let z(a) = 75*a**2 - 147*a + 3. Let b be z(2). What is the greatest common divisor of b and 3222?
9
Let b be -1 - (-5 - 1)*1. Suppose -b*l = 5*q - 15, 5*q + 4*l - 21 = -5. What is the highest common divisor of 18 and q?
2
Let w = -2441 + 2549. Calculate the greatest common divisor of w and 12.
12
Suppose 0 = 2*z + z - 2*s - 421, 0 = -4*s + 16. Suppose -3*w + 2*c + 131 = 0, -3*w - 3*c - c = -z. Calculate the greatest common divisor of 120 and w.
15
Let s be (730/(-15))/(17/(-102)). Suppose -300*o + s*o + 32 = 0. Let t = 34 - -18. What is the greatest common factor of t and o?
4
Let u(z) = -8*z**2 - 33*z + 56. Let m(r) = 6*r**2 + 22*r - 37. Let g(c) = 7*m(c) + 5*u(c). Let t be g(6). Calculate the highest common factor of t and 45.
9
Let r be ((-5)/(-5))/((-2)/10) + 75. Let n = r + -28. What is the highest common divisor of n and 63?
21
Suppose 2*u = -0*q + q + 10, 3*u = 3*q + 21. Suppose 109 + 561 = -2*z. Let p = 341 + z. What is the greatest common divisor of u and p?
3
Let t = -3987 + 4013. Calculate the highest common divisor of 3146 and t.
26
Let s = 2032 - 79. What is the greatest common factor of s and 31?
31
Suppose -5 = -4*m - 5. Suppose 5*o + 4*w + 0*w - 210 = 0, 5*o - 3*w - 210 = m. What is the highest common divisor of 210 and o?
42
Let n(t) = t**3 + t**2 + t + 22. Let y be n(0). Suppose y*k - 676 = -4*k. What is the highest common divisor of k and 182?
26
Let u = -833 + 1175. Suppose -3*j + 0*q + 498 = 4*q, 6*q - u = -2*j. What is the highest common factor of 270 and j?
54
Let i(x) be the first derivative of 37*x**2/2 - 14*x - 52. Let u be i(2). What is the greatest common factor of 210 and u?
30
Suppose 2*u - 3 = c - 5, 5*u = 4*c - 20. Let a(w) = -2*w**3 - 6*w**2 + 6*w - 10. Let v be a(-6). Calculate the highest common factor of c and v.
10
Suppose 81*h - 325 = 1052. Calculate the highest common divisor of 1513 and h.
17
Let k be (-6)/(-7)*(-504)/(-144) + (0 - -1077). What is the greatest common divisor of 495 and k?
45
Suppose 10*p = 8*p - 26. Let c be -1 + 4 + 0 - p. Suppose 0 = 4*d + c, f - 5*d = 22 - 0. What is the highest common factor of f and 2?
2
Let t be (-279)/(-744) - (-12231)/24. Calculate the highest common factor of t and 7310.
170
Let f = 190 + -188. Let b be 3 + f/(2 + 4/(-3)). Let n = 50 + -32. What is the greatest common factor of n and b?
6
Let r = 388 - 64. Suppose -149*y + 149*y + 4599 = 511*y. Calculate the greatest common factor of r and y.
9
Suppose 10 = 4*h - 42. Suppose 2*b + 45 = -h. Let z = b + 77. Calculate the greatest common divisor of 72 and z.
24
Suppose 3 = -3*a, 36*v - 31*v = -5*a + 13695. What is the greatest common factor of v and 80?
20
Let t = -45363 + 64454. Calculate the greatest common factor of 17 and t.
17
Suppose 4*s = -5*f + 802 + 901, 0 = -5*s + 3*f + 2101. Let r = -356 + s. What is the highest common factor of r and 154?
22
Let f(t) = -91*t**2 + 2*t - 15. Let a(n) = -n**2 + 2*n + 1. Let y(z) = 4*a(z) - f(z). Let o be y(-3). Calculate the greatest common divisor of 49 and o.
49
Let y(q) = -q**3 + 44*q + 43. Let n be y(7). What is the highest common factor of 8248 and n?
8
Let l = -554 - -821. Let x = 317 - l. Calculate the greatest common divisor of 25 and x.
25
Let s(k) = -14*k + 364. Let o be s(7). Suppose -o*p + 3960 = -255*p. Calculate the greatest common divisor of p and 16.
8
Let h(n) = -n**2 - 2. Let l(y) = y**2 + 26*y - 26. Let x(q) = 2*h(q) + l(q). Let v be x(10). What is the greatest common divisor of v and 78?
26
Let x(c) = -2*c**2 - c - 44. Suppose 0 = 15*j - 14*j. Let y be x(j). Let s be (-1)/(1*2/y). Calculate the greatest common factor of 110 and s.
22
Suppose -9*f = -6538 + 2623. Suppose -21*a + f - 99 = 0. Suppose 0 = -5*v - 0*v + 120. What is the highest common factor of v and a?
8
Let l be (-2)/((-40)/55)*-4. Let f = l + 47. What is the highest common divisor of f and 54?
18
Suppose 5*c - 6 = 4*j - 3, -9 = -3*c. Suppose -2*x + 235 = o, -5*o + 501 = j*x + 166. Calculate the highest common divisor of x and 280.
40
Suppose -b = -2*m + 3, 5*b = 2*m - 4*m + 21. Suppose -m*y - 89 + 284 = 0. What is the highest common factor of 13 and y?
13
Let n be (-1)/((3/3)/(-1)) - 176. Let s = n + 187. What is the greatest common factor of s and 36?
12
Suppose -58*w = -4*j - 60*w + 6992, 3*j = 3*w + 5226. Calculate the greatest common divisor of j and 576.
18
Suppose 5*c - 465 = -2*a + 200, -a + 355 = -5*c. What is the greatest common factor of 799 and a?
17
Let h be 2/((-145)/(-50) + -3). Let k = 12 - h. What is the highest common divisor of 256 and k?
32
Let q be (27*4/16)/((-3)/(-48)). Let x be 1/(-6) - (-38898)/q. What is the greatest common divisor of 10 and x?
10
Let r be (-510224)/(-2024) - (-2)/(-23). Calculate the greatest common divisor of r and 1701.
63
Let k = -1946 - -2575. What is the greatest common divisor of 814 and k?
37
Let h(c) = 125*c + 55. Let w be h(5). Suppose 4*r - w - 280 = 0. What is the highest common factor of 45 and r?
15
Let o(x) = 206*x + 1502. Let l be o(-7). What is the greatest common factor of l and 1640?
20
Let t be ((-9584)/(-2 + 4))/(1/((-44)/11)). What is the highest common divisor of t and 32?
32
Let r(k) = 3*k**3 - 20*k**2 - 61*k + 18. Let n be r(9). What is the greatest common divisor of 162 and n?
18
Suppose 2*s + 160 = -0*s. Let f be 780/s*(-4)/3. Calculate the highest common divisor of 65 and f.
13
Let c = 8 - 2. Suppose 0 = -d + 24 + c. Suppose 0 = 29*h - 40*h + 330. Calculate the highest common factor of d and h.
30
Let c = 1609 + 911. Calculate the highest common divisor of c and 80.
40
Let y = -16333 + 16438. Calculate the highest common factor of 70 and y.
35
Let x(u) = 2*u**3 + 44*u**2 + 28*u - 158. Let b be x(-21). Let a(t) = 7*t**3 - 2*t**2 - 1. Let f be a(3). Calculate the greatest common factor of f and b.
34
Let b be 5*(8/(-10) + (-9)/(-5)). Suppose 0 = -2*v + y + 91 + 13, -b*y = 2*v - 104. What is the greatest common factor of 39 and v?
13
Suppose -3*r = 3*u - 252, r - 252 = -3*u + 8. Let j